{"id":73,"date":"2022-01-18T09:17:27","date_gmt":"2022-01-18T08:17:27","guid":{"rendered":"https:\/\/augusta.pro\/nature\/?page_id=73"},"modified":"2022-02-06T16:36:15","modified_gmt":"2022-02-06T15:36:15","slug":"nos-objectifs","status":"publish","type":"page","link":"https:\/\/augusta.pro\/nature\/nos-objectifs\/","title":{"rendered":"Nos Objectifs"},"content":{"rendered":"\t\t<div data-elementor-type=\"wp-page\" data-elementor-id=\"73\" class=\"elementor elementor-73\" data-elementor-post-type=\"page\">\n\t\t\t\t\t\t\t\t\t<section class=\"elementor-section elementor-top-section elementor-element elementor-element-2eac49f elementor-section-boxed elementor-section-height-default elementor-section-height-default\" data-id=\"2eac49f\" data-element_type=\"section\" data-settings=\"{&quot;background_background&quot;:&quot;classic&quot;}\">\n\t\t\t\t\t\t\t<div class=\"elementor-background-overlay\"><\/div>\n\t\t\t\t\t\t\t<div class=\"elementor-container elementor-column-gap-default\">\n\t\t\t\t\t<div class=\"elementor-column elementor-col-50 elementor-top-column elementor-element elementor-element-87d4ceb\" data-id=\"87d4ceb\" data-element_type=\"column\">\n\t\t\t<div class=\"elementor-widget-wrap elementor-element-populated\">\n\t\t\t\t\t\t\t\t<div class=\"elementor-element elementor-element-df7c4ca elementor-widget elementor-widget-heading\" data-id=\"df7c4ca\" data-element_type=\"widget\" data-widget_type=\"heading.default\">\n\t\t\t\t<div class=\"elementor-widget-container\">\n\t\t\t<style>\/*! elementor - v3.14.0 - 26-06-2023 *\/\n.elementor-heading-title{padding:0;margin:0;line-height:1}.elementor-widget-heading .elementor-heading-title[class*=elementor-size-]>a{color:inherit;font-size:inherit;line-height:inherit}.elementor-widget-heading .elementor-heading-title.elementor-size-small{font-size:15px}.elementor-widget-heading .elementor-heading-title.elementor-size-medium{font-size:19px}.elementor-widget-heading .elementor-heading-title.elementor-size-large{font-size:29px}.elementor-widget-heading .elementor-heading-title.elementor-size-xl{font-size:39px}.elementor-widget-heading .elementor-heading-title.elementor-size-xxl{font-size:59px}<\/style><h2 class=\"elementor-heading-title elementor-size-default\">NOTRE OBJECTIF<\/h2>\t\t<\/div>\n\t\t\t\t<\/div>\n\t\t\t\t<div class=\"elementor-element elementor-element-5511596 elementor-widget elementor-widget-text-editor\" data-id=\"5511596\" data-element_type=\"widget\" data-widget_type=\"text-editor.default\">\n\t\t\t\t<div class=\"elementor-widget-container\">\n\t\t\t<style>\/*! elementor - v3.14.0 - 26-06-2023 *\/\n.elementor-widget-text-editor.elementor-drop-cap-view-stacked .elementor-drop-cap{background-color:#69727d;color:#fff}.elementor-widget-text-editor.elementor-drop-cap-view-framed .elementor-drop-cap{color:#69727d;border:3px solid;background-color:transparent}.elementor-widget-text-editor:not(.elementor-drop-cap-view-default) .elementor-drop-cap{margin-top:8px}.elementor-widget-text-editor:not(.elementor-drop-cap-view-default) .elementor-drop-cap-letter{width:1em;height:1em}.elementor-widget-text-editor .elementor-drop-cap{float:left;text-align:center;line-height:1;font-size:50px}.elementor-widget-text-editor .elementor-drop-cap-letter{display:inline-block}<\/style>\t\t\t\t<p>Travailler avec la nature, pour un avenir durable.<\/p>\t\t\t\t\t\t<\/div>\n\t\t\t\t<\/div>\n\t\t\t\t\t<\/div>\n\t\t<\/div>\n\t\t\t\t<div class=\"elementor-column elementor-col-50 elementor-top-column elementor-element elementor-element-a88cde0\" data-id=\"a88cde0\" data-element_type=\"column\">\n\t\t\t<div class=\"elementor-widget-wrap\">\n\t\t\t\t\t\t\t\t\t<\/div>\n\t\t<\/div>\n\t\t\t\t\t\t\t<\/div>\n\t\t<\/section>\n\t\t\t\t<section class=\"elementor-section elementor-top-section elementor-element elementor-element-879ebdb elementor-reverse-mobile elementor-section-boxed elementor-section-height-default elementor-section-height-default\" data-id=\"879ebdb\" data-element_type=\"section\">\n\t\t\t\t\t\t<div class=\"elementor-container elementor-column-gap-default\">\n\t\t\t\t\t<div class=\"elementor-column elementor-col-100 elementor-top-column elementor-element elementor-element-e3d16fc\" data-id=\"e3d16fc\" data-element_type=\"column\">\n\t\t\t<div class=\"elementor-widget-wrap elementor-element-populated\">\n\t\t\t\t\t\t\t\t<div class=\"elementor-element elementor-element-a7977a2 elementor-widget elementor-widget-heading\" data-id=\"a7977a2\" data-element_type=\"widget\" data-widget_type=\"heading.default\">\n\t\t\t\t<div class=\"elementor-widget-container\">\n\t\t\t<h2 class=\"elementor-heading-title elementor-size-default\">UN SCH\u00c9MA <span style=\"color: #59890E;\"> CIRCULAIRE, VERTUEUX ET DURABLE <\/span><\/h2>\t\t<\/div>\n\t\t\t\t<\/div>\n\t\t\t\t<section class=\"elementor-section elementor-inner-section elementor-element elementor-element-d7ef7c2 elementor-section-full_width elementor-section-height-default elementor-section-height-default\" data-id=\"d7ef7c2\" data-element_type=\"section\">\n\t\t\t\t\t\t<div class=\"elementor-container elementor-column-gap-default\">\n\t\t\t\t\t<div class=\"elementor-column elementor-col-50 elementor-inner-column elementor-element elementor-element-60e0139\" data-id=\"60e0139\" data-element_type=\"column\">\n\t\t\t<div class=\"elementor-widget-wrap elementor-element-populated\">\n\t\t\t\t\t\t\t\t<div class=\"elementor-element elementor-element-19aca7a elementor-widget elementor-widget-image\" data-id=\"19aca7a\" data-element_type=\"widget\" data-widget_type=\"image.default\">\n\t\t\t\t<div class=\"elementor-widget-container\">\n\t\t\t<style>\/*! elementor - v3.14.0 - 26-06-2023 *\/\n.elementor-widget-image{text-align:center}.elementor-widget-image a{display:inline-block}.elementor-widget-image a img[src$=\".svg\"]{width:48px}.elementor-widget-image img{vertical-align:middle;display:inline-block}<\/style>\t\t\t\t\t\t\t\t\t\t\t\t<img loading=\"lazy\" decoding=\"async\" width=\"451\" height=\"441\" src=\"https:\/\/augusta.pro\/nature\/wp-content\/uploads\/2022\/01\/Composant-32-\u2013-1.png\" class=\"attachment-large size-large wp-image-495\" alt=\"\" srcset=\"https:\/\/augusta.pro\/nature\/wp-content\/uploads\/2022\/01\/Composant-32-\u2013-1.png 451w, https:\/\/augusta.pro\/nature\/wp-content\/uploads\/2022\/01\/Composant-32-\u2013-1-300x293.png 300w\" sizes=\"(max-width: 451px) 100vw, 451px\" \/>\t\t\t\t\t\t\t\t\t\t\t\t\t\t\t<\/div>\n\t\t\t\t<\/div>\n\t\t\t\t\t<\/div>\n\t\t<\/div>\n\t\t\t\t<div class=\"elementor-column elementor-col-50 elementor-inner-column elementor-element elementor-element-42a39a4\" data-id=\"42a39a4\" data-element_type=\"column\" data-settings=\"{&quot;background_background&quot;:&quot;classic&quot;}\">\n\t\t\t<div class=\"elementor-widget-wrap elementor-element-populated\">\n\t\t\t\t\t\t\t\t<div class=\"elementor-element elementor-element-784160e elementor-widget elementor-widget-heading\" data-id=\"784160e\" data-element_type=\"widget\" data-widget_type=\"heading.default\">\n\t\t\t\t<div class=\"elementor-widget-container\">\n\t\t\t<h2 class=\"elementor-heading-title elementor-size-default\">UN SCH\u00c9MA <span style=\"color: #59890E;\"> CIRCULAIRE,<br>VERTUEUX ET DURABLE <\/span><\/h2>\t\t<\/div>\n\t\t\t\t<\/div>\n\t\t\t\t<div class=\"elementor-element elementor-element-3106080 elementor-widget elementor-widget-text-editor\" data-id=\"3106080\" data-element_type=\"widget\" data-widget_type=\"text-editor.default\">\n\t\t\t\t<div class=\"elementor-widget-container\">\n\t\t\t\t\t\t\t<p>La vie \u00ab Humaine \u00bb n\u00e9cessite de l\u2019Oxyg\u00e8ne et g\u00e9n\u00e8re des \u00e9missions de carbone (CO2) par ses activit\u00e9s. <\/p>\n<p>Toutes les plantes d\u00e9montrent par leur physiologie un fonctionnement inverse. Le Carbone (CO2) est leur nourriture et l\u2019Oxyg\u00e8ne est leur d\u00e9chet !<\/p>\n<p>&nbsp;<b>N\u2019existe il pas la possibilit\u00e9 d\u2019installer ou de r\u00e9installer un \u00e9quilibre naturel assurant la survie de toutes les esp\u00e8ces humaines et v\u00e9g\u00e9tales ?<\/b><\/p>\t\t\t\t\t\t<\/div>\n\t\t\t\t<\/div>\n\t\t\t\t\t<\/div>\n\t\t<\/div>\n\t\t\t\t\t\t\t<\/div>\n\t\t<\/section>\n\t\t\t\t\t<\/div>\n\t\t<\/div>\n\t\t\t\t\t\t\t<\/div>\n\t\t<\/section>\n\t\t\t\t<section class=\"elementor-section elementor-top-section elementor-element elementor-element-a8f38a3 elementor-section-boxed elementor-section-height-default elementor-section-height-default\" data-id=\"a8f38a3\" data-element_type=\"section\">\n\t\t\t\t\t\t<div class=\"elementor-container elementor-column-gap-default\">\n\t\t\t\t\t<div class=\"elementor-column elementor-col-100 elementor-top-column elementor-element elementor-element-90f724a\" data-id=\"90f724a\" data-element_type=\"column\" data-settings=\"{&quot;background_background&quot;:&quot;classic&quot;}\">\n\t\t\t<div class=\"elementor-widget-wrap elementor-element-populated\">\n\t\t\t\t\t\t\t\t<div class=\"elementor-element elementor-element-5ba4461 elementor-widget elementor-widget-heading\" data-id=\"5ba4461\" data-element_type=\"widget\" data-widget_type=\"heading.default\">\n\t\t\t\t<div class=\"elementor-widget-container\">\n\t\t\t<h2 class=\"elementor-heading-title elementor-size-default\">LA<span class=\"green-title\"> S\u00c9QUESTRATION <br> DE CARBONE <span><\/h2>\t\t<\/div>\n\t\t\t\t<\/div>\n\t\t\t\t\t<\/div>\n\t\t<\/div>\n\t\t\t\t\t\t\t<\/div>\n\t\t<\/section>\n\t\t\t\t<section class=\"elementor-section elementor-top-section elementor-element elementor-element-54e6c01 elementor-reverse-mobile elementor-section-boxed elementor-section-height-default elementor-section-height-default\" data-id=\"54e6c01\" data-element_type=\"section\">\n\t\t\t\t\t\t<div class=\"elementor-container elementor-column-gap-default\">\n\t\t\t\t\t<div class=\"elementor-column elementor-col-50 elementor-top-column elementor-element elementor-element-55e1717\" data-id=\"55e1717\" data-element_type=\"column\" data-settings=\"{&quot;background_background&quot;:&quot;classic&quot;}\">\n\t\t\t<div class=\"elementor-widget-wrap elementor-element-populated\">\n\t\t\t\t\t\t\t\t<div class=\"elementor-element elementor-element-ac6cd3a elementor-widget elementor-widget-heading\" data-id=\"ac6cd3a\" data-element_type=\"widget\" data-widget_type=\"heading.default\">\n\t\t\t\t<div class=\"elementor-widget-container\">\n\t\t\t<h2 class=\"elementor-heading-title elementor-size-default\">LA <span class=\"green-title\"> S\u00c9QUESTRATION <br> DE CARBONE <span><\/h2>\t\t<\/div>\n\t\t\t\t<\/div>\n\t\t\t\t<div class=\"elementor-element elementor-element-d1885f0 elementor-widget elementor-widget-text-editor\" data-id=\"d1885f0\" data-element_type=\"widget\" data-widget_type=\"text-editor.default\">\n\t\t\t\t<div class=\"elementor-widget-container\">\n\t\t\t\t\t\t\t<p>L\u2019objectif premier d\u2019AUGUSTA NATURE est de <b>s\u00e9questrer du carbone dans les sols et les plantes.<\/b> <br>Cette s\u00e9questration sera mise \u00e0 profit de l\u2019entit\u00e9 AUGUSTA INGENIERIE, partenaire du projet, et vise \u00e0 <b>r\u00e9duire son empreinte carbone.<\/b><\/p>\t\t\t\t\t\t<\/div>\n\t\t\t\t<\/div>\n\t\t\t\t\t<\/div>\n\t\t<\/div>\n\t\t\t\t<div class=\"elementor-column elementor-col-50 elementor-top-column elementor-element elementor-element-acca1d5\" data-id=\"acca1d5\" data-element_type=\"column\">\n\t\t\t<div class=\"elementor-widget-wrap elementor-element-populated\">\n\t\t\t\t\t\t\t\t<div class=\"elementor-element elementor-element-0eb7155 elementor-widget elementor-widget-image\" data-id=\"0eb7155\" data-element_type=\"widget\" data-widget_type=\"image.default\">\n\t\t\t\t<div class=\"elementor-widget-container\">\n\t\t\t\t\t\t\t\t\t\t\t\t\t\t\t<img loading=\"lazy\" decoding=\"async\" width=\"800\" height=\"499\" src=\"https:\/\/augusta.pro\/nature\/wp-content\/uploads\/2022\/01\/iStock-12151448332x.png\" class=\"attachment-large size-large wp-image-477\" alt=\"\" srcset=\"https:\/\/augusta.pro\/nature\/wp-content\/uploads\/2022\/01\/iStock-12151448332x.png 950w, https:\/\/augusta.pro\/nature\/wp-content\/uploads\/2022\/01\/iStock-12151448332x-300x187.png 300w, https:\/\/augusta.pro\/nature\/wp-content\/uploads\/2022\/01\/iStock-12151448332x-768x479.png 768w\" sizes=\"(max-width: 800px) 100vw, 800px\" \/>\t\t\t\t\t\t\t\t\t\t\t\t\t\t\t<\/div>\n\t\t\t\t<\/div>\n\t\t\t\t\t<\/div>\n\t\t<\/div>\n\t\t\t\t\t\t\t<\/div>\n\t\t<\/section>\n\t\t\t\t<section class=\"elementor-section elementor-top-section elementor-element elementor-element-ef2f8a6 elementor-section-boxed elementor-section-height-default elementor-section-height-default\" data-id=\"ef2f8a6\" data-element_type=\"section\">\n\t\t\t\t\t\t<div class=\"elementor-container elementor-column-gap-default\">\n\t\t\t\t\t<div class=\"elementor-column elementor-col-100 elementor-top-column elementor-element elementor-element-035e8bf\" data-id=\"035e8bf\" data-element_type=\"column\" data-settings=\"{&quot;background_background&quot;:&quot;classic&quot;}\">\n\t\t\t<div class=\"elementor-widget-wrap elementor-element-populated\">\n\t\t\t\t\t\t\t\t<div class=\"elementor-element elementor-element-4dfc380 elementor-widget elementor-widget-heading\" data-id=\"4dfc380\" data-element_type=\"widget\" data-widget_type=\"heading.default\">\n\t\t\t\t<div class=\"elementor-widget-container\">\n\t\t\t<h2 class=\"elementor-heading-title elementor-size-default\">LES MOYENS MIS EN \u0152UVRE : <span style=\"color: #59890E;\"> L\u2019AGRO\u00c9COLOGIE <\/span><\/h2>\t\t<\/div>\n\t\t\t\t<\/div>\n\t\t\t\t\t<\/div>\n\t\t<\/div>\n\t\t\t\t\t\t\t<\/div>\n\t\t<\/section>\n\t\t\t\t<section class=\"elementor-section elementor-top-section elementor-element elementor-element-030ca80 elementor-section-boxed elementor-section-height-default elementor-section-height-default\" data-id=\"030ca80\" data-element_type=\"section\">\n\t\t\t\t\t\t<div class=\"elementor-container elementor-column-gap-default\">\n\t\t\t\t\t<div class=\"elementor-column elementor-col-50 elementor-top-column elementor-element elementor-element-e172a3d\" data-id=\"e172a3d\" data-element_type=\"column\">\n\t\t\t<div class=\"elementor-widget-wrap elementor-element-populated\">\n\t\t\t\t\t\t\t\t<div class=\"elementor-element elementor-element-1b62419 elementor-widget elementor-widget-image\" data-id=\"1b62419\" data-element_type=\"widget\" data-widget_type=\"image.default\">\n\t\t\t\t<div class=\"elementor-widget-container\">\n\t\t\t\t\t\t\t\t\t\t\t\t\t\t\t<img loading=\"lazy\" decoding=\"async\" width=\"445\" height=\"307\" src=\"https:\/\/augusta.pro\/nature\/wp-content\/uploads\/2022\/01\/close-up-picture-of-hand-holding-planting-the-sapling-of-the-plant.png\" class=\"attachment-full size-full wp-image-472\" alt=\"\" srcset=\"https:\/\/augusta.pro\/nature\/wp-content\/uploads\/2022\/01\/close-up-picture-of-hand-holding-planting-the-sapling-of-the-plant.png 445w, https:\/\/augusta.pro\/nature\/wp-content\/uploads\/2022\/01\/close-up-picture-of-hand-holding-planting-the-sapling-of-the-plant-300x207.png 300w\" sizes=\"(max-width: 445px) 100vw, 445px\" \/>\t\t\t\t\t\t\t\t\t\t\t\t\t\t\t<\/div>\n\t\t\t\t<\/div>\n\t\t\t\t\t<\/div>\n\t\t<\/div>\n\t\t\t\t<div class=\"elementor-column elementor-col-50 elementor-top-column elementor-element elementor-element-0960321\" data-id=\"0960321\" data-element_type=\"column\" data-settings=\"{&quot;background_background&quot;:&quot;classic&quot;}\">\n\t\t\t<div class=\"elementor-widget-wrap elementor-element-populated\">\n\t\t\t\t\t\t\t\t<div class=\"elementor-element elementor-element-4f1c9a7 elementor-widget elementor-widget-heading\" data-id=\"4f1c9a7\" data-element_type=\"widget\" data-widget_type=\"heading.default\">\n\t\t\t\t<div class=\"elementor-widget-container\">\n\t\t\t<h2 class=\"elementor-heading-title elementor-size-default\">LES MOYENS MIS EN \u0152UVRE : <span style=\"color: #59890E;\"> L\u2019AGRO\u00c9COLOGIE <\/span><\/h2>\t\t<\/div>\n\t\t\t\t<\/div>\n\t\t\t\t<div class=\"elementor-element elementor-element-762abeb elementor-widget elementor-widget-text-editor\" data-id=\"762abeb\" data-element_type=\"widget\" data-widget_type=\"text-editor.default\">\n\t\t\t\t<div class=\"elementor-widget-container\">\n\t\t\t\t\t\t\t<p>\u00ab\u00a0L\u2019agro\u00e9cologie est une fa\u00e7on de concevoir des syst\u00e8mes de production qui s\u2019appuient sur les fonctionnalit\u00e9s offertes par les \u00e9cosyst\u00e8mes.\u00a0\u00bb<\/p><p><span style=\"text-decoration: underline;\"><a style=\"color: #59890e; text-decoration: underline;\" href=\"https:\/\/agriculture.gouv.fr\/quest-ce-que-lagroecologie\">Qu&rsquo;est-ce que l&rsquo;agro\u00e9cologie ? | minist\u00e8re de l\u2019Agriculture et de l&rsquo;Alimentation<\/a><\/span><\/p>\t\t\t\t\t\t<\/div>\n\t\t\t\t<\/div>\n\t\t\t\t\t<\/div>\n\t\t<\/div>\n\t\t\t\t\t\t\t<\/div>\n\t\t<\/section>\n\t\t\t\t<section class=\"elementor-section elementor-top-section elementor-element elementor-element-27da1a4 elementor-section-boxed elementor-section-height-default elementor-section-height-default\" data-id=\"27da1a4\" data-element_type=\"section\">\n\t\t\t\t\t\t<div class=\"elementor-container elementor-column-gap-default\">\n\t\t\t\t\t<div class=\"elementor-column elementor-col-100 elementor-top-column elementor-element elementor-element-3d95d15\" data-id=\"3d95d15\" data-element_type=\"column\">\n\t\t\t<div class=\"elementor-widget-wrap elementor-element-populated\">\n\t\t\t\t\t\t\t\t<div class=\"elementor-element elementor-element-3bd7954 elementor-align-center elementor-widget elementor-widget-button\" data-id=\"3bd7954\" data-element_type=\"widget\" data-widget_type=\"button.default\">\n\t\t\t\t<div class=\"elementor-widget-container\">\n\t\t\t\t\t<div class=\"elementor-button-wrapper\">\n\t\t\t<a class=\"elementor-button elementor-button-link elementor-size-sm\" href=\"https:\/\/augusta.pro\/nature\/notre-activite-paysanne\/\">\n\t\t\t\t\t\t<span class=\"elementor-button-content-wrapper\">\n\t\t\t\t\t\t<span class=\"elementor-button-text\">D\u00e9couvrez notre activit\u00e9 paysanne<\/span>\n\t\t<\/span>\n\t\t\t\t\t<\/a>\n\t\t<\/div>\n\t\t\t\t<\/div>\n\t\t\t\t<\/div>\n\t\t\t\t\t<\/div>\n\t\t<\/div>\n\t\t\t\t\t\t\t<\/div>\n\t\t<\/section>\n\t\t\t\t\t\t\t<\/div>\n\t\t","protected":false},"excerpt":{"rendered":"<p>NOTRE OBJECTIF Travailler avec la nature, pour un avenir durable. UN SCH\u00c9MA CIRCULAIRE, VERTUEUX ET DURABLE UN SCH\u00c9MA CIRCULAIRE,VERTUEUX ET DURABLE La vie \u00ab Humaine \u00bb n\u00e9cessite de l\u2019Oxyg\u00e8ne et g\u00e9n\u00e8re des \u00e9missions de carbone (CO2) par ses activit\u00e9s. Toutes les plantes d\u00e9montrent par leur physiologie un fonctionnement inverse. Le Carbone (CO2) est leur nourriture [&hellip;]<\/p>\n","protected":false},"author":1,"featured_media":0,"parent":0,"menu_order":0,"comment_status":"closed","ping_status":"closed","template":"","meta":{"inline_featured_image":false,"footnotes":""},"acf":[],"_links":{"self":[{"href":"https:\/\/augusta.pro\/nature\/wp-json\/wp\/v2\/pages\/73"}],"collection":[{"href":"https:\/\/augusta.pro\/nature\/wp-json\/wp\/v2\/pages"}],"about":[{"href":"https:\/\/augusta.pro\/nature\/wp-json\/wp\/v2\/types\/page"}],"author":[{"embeddable":true,"href":"https:\/\/augusta.pro\/nature\/wp-json\/wp\/v2\/users\/1"}],"replies":[{"embeddable":true,"href":"https:\/\/augusta.pro\/nature\/wp-json\/wp\/v2\/comments?post=73"}],"version-history":[{"count":190,"href":"https:\/\/augusta.pro\/nature\/wp-json\/wp\/v2\/pages\/73\/revisions"}],"predecessor-version":[{"id":1490,"href":"https:\/\/augusta.pro\/nature\/wp-json\/wp\/v2\/pages\/73\/revisions\/1490"}],"wp:attachment":[{"href":"https:\/\/augusta.pro\/nature\/wp-json\/wp\/v2\/media?parent=73"}],"curies":[{"name":"wp","href":"https:\/\/api.w.org\/{rel}","templated":true}]}}